761 a multiple of 6029?
True
Does 4 divide 9537312?
True
Does 13 divide 1201202873?
True
Is 273 a factor of 22248757?
False
Is 39 a factor of 105161037?
False
Is 309 a factor of 218601089?
False
Is 3 a factor of 643641?
True
Does 34 divide 5443260?
False
Does 14 divide 7999250?
True
Does 4624 divide 6047572384?
True
Is 16 a factor of 64218224?
True
Does 329 divide 3473052?
False
Is 53173922 a multiple of 39?
False
Is 1149 a factor of 148697835?
True
Is 1307746555 a multiple of 244?
False
Is 125076164 a multiple of 1140?
False
Is 30 a factor of 594972204?
False
Does 25 divide 11811445?
False
Is 1568190609 a multiple of 297?
False
Is 22 a factor of 63355688?
True
Is 917142573 a multiple of 28?
False
Is 671 a factor of 23922467?
False
Is 18800652 a multiple of 13?
True
Does 22 divide 1384089854?
False
Is 4134 a factor of 56069442?
True
Is 1510683858 a multiple of 162?
True
Does 870 divide 103929688?
False
Is 42 a factor of 1350656412?
True
Does 2243 divide 95441893?
True
Is 361814460 a multiple of 21?
True
Does 53 divide 234112532?
False
Does 665 divide 89694606?
False
Is 47417775 a multiple of 1975?
True
Is 8354696 a multiple of 3?
False
Is 29 a factor of 5796752?
True
Is 2656666317 a multiple of 4084?
False
Is 200 a factor of 507859000?
True
Is 84978820 a multiple of 3800?
False
Does 5 divide 277350133?
False
Is 23 a factor of 62504535?
False
Is 311 a factor of 27756941?
False
Does 24 divide 94508472?
True
Is 193931227 a multiple of 7?
True
Is 36 a factor of 1715118172?
False
Is 2854 a factor of 801358592?
False
Is 1391 a factor of 79469667?
False
Does 138 divide 6466404?
True
Is 67 a factor of 15893338?
True
Is 84 a factor of 186865812?
True
Is 31 a factor of 6908598?
True
Is 22 a factor of 273083668?
True
Does 216 divide 120378909?
False
Is 51 a factor of 324236?
False
Does 2183 divide 147552690?
False
Is 56776375 a multiple of 2160?
False
Is 13359396 a multiple of 10?
False
Is 22 a factor of 589985616?
True
Is 94344065 a multiple of 48?
False
Is 418 a factor of 25194034?
False
Is 505473095 a multiple of 167?
True
Is 289295394 a multiple of 194?
False
Does 743 divide 12040883?
False
Does 435 divide 5374866?
False
Is 2836804200 a multiple of 300?
True
Is 1736 a factor of 3244589429?
False
Is 233 a factor of 118113525?
True
Is 13935347 a multiple of 6?
False
Is 2142 a factor of 411182174?
False
Does 36 divide 22518203?
False
Is 11 a factor of 380764637?
True
Is 80740752 even?
True
Is 18 a factor of 3017892?
False
Is 25 a factor of 305921275?
True
Is 2 a factor of 7874959?
False
Does 46 divide 4091887?
False
Does 2076 divide 40742208?
False
Is 7 a factor of 19906222?
True
Is 11 a factor of 304982007?
True
Does 220 divide 32280666?
False
Does 17 divide 232531916?
True
Does 5794 divide 2218122814?
True
Does 174 divide 18649439?
False
Is 144015777 a multiple of 37?
False
Does 15 divide 16177301?
False
Does 184 divide 609040?
True
Does 85 divide 84129515?
True
Is 114696800 a multiple of 1244?
True
Does 75 divide 171573600?
True
Is 100611723 a multiple of 211?
False
Is 5288 a factor of 723711440?
False
Does 1278 divide 6228972?
True
Does 96 divide 19930464?
True
Is 2730 a factor of 155358840?
True
Is 835 a factor of 151231860?
True
Does 109 divide 26156294?
True
Does 14 divide 99205078?
True
Is 97 a factor of 21056863?
False
Is 1837 a factor of 2357780315?
True
Is 9346906 a multiple of 17?
True
Is 4668 a factor of 242764008?
True
Is 121241002 a multiple of 419?
True
Does 2 divide 84431277?
False
Is 11563116 a multiple of 6?
True
Does 1792 divide 145207552?
True
Does 90 divide 2525580?
True
Does 682 divide 28113369?
False
Is 8 a factor of 2125663344?
True
Does 1871 divide 761824780?
False
Is 91762589 a multiple of 29?
False
Does 417 divide 989566439?
False
Is 91 a factor of 8786809?
False
Does 12 divide 180541236?
True
Is 91620510 a multiple of 37?
True
Does 590 divide 2037286520?
True
Is 11 a factor of 86220168?
False
Is 73800315 a multiple of 2295?
True
Does 579 divide 150912297?
True
Is 152276988 a multiple of 2391?
False
Is 1330320 a multiple of 552?
True
Is 185672373 a multiple of 199?
True
Is 13103430 a multiple of 30?
True
Is 97 a factor of 56050480?
True
Is 937 a factor of 777323956?
True
Is 175 a factor of 96338025?
True
Is 37 a factor of 1100305677?
False
Does 86 divide 1918290372?
True
Is 7536550 a multiple of 175?
True
Does 78 divide 13207720?
False
Is 237 a factor of 229678090?
False
Does 2514 divide 32889956?
False
Does 83 divide 3528618?
False
Does 1842 divide 104489292?
True
Is 42 a factor of 1684494?
True
Is 125 a factor of 13083388?
False
Is 199 a factor of 249332274?
True
Does 6741 divide 3167845700?
False
Is 2718 a factor of 804319909?
False
Is 54 a factor of 249547624?
False
Is 3941409 a multiple of 43?
False
Is 1011 a factor of 45895356?
True
Is 106 a factor of 9917254?
True
Does 32 divide 2779869?
False
Is 3444 a factor of 1365404796?
True
Is 25 a factor of 13318920?
False
Is 228 a factor of 130434468?
True
Is 2478 a factor of 245763429?
False
Is 1716 a factor of 1076414196?
True
Does 4 divide 249223100?
True
Does 42 divide 18090190?
False
Does 15 divide 191795325?
True
Is 24180255 a multiple of 99?
True
Is 8 a factor of 63681008?
True
Is 21556389 a multiple of 460?
False
Does 2387 divide 83578418?
True
Is 35 a factor of 437484320?
True
Is 3050 a factor of 1009978220?
False
Is 3281 a factor of 2651727167?
True
Is 34512030 a multiple of 406?
True
Does 40 divide 213781120?
True
Is 639 a factor of 21949931?
False
Is 2188896777 a multiple of 8?
False
Is 8 a factor of 8199800?
True
Is 199 a factor of 8216312?
True
Does 398 divide 59984968?
True
Does 118 divide 11027881?
False
Is 5381 a factor of 107942860?
True
Is 19885310 a multiple of 10?
True
Is 8503 a factor of 1465313487?
True
Does 13 divide 14241993?
False
Is 2926 a factor of 558087684?
True
Is 10089 a factor of 667478151?
True
Is 6 a factor of 260208539?
False
Is 51 a factor of 12507495?
True
Is 76 a factor of 211697500?
False
Is 2478 a factor of 93059364?
False
Is 22 a factor of 31121728?
True
Does 25 divide 172800560?
False
Is 60430486 a multiple of 24?
False
Is 181 a factor of 56514745?
False
Does 1121 divide 909519586?
False
Does 10 divide 129750772?
False
Does 2133 divide 38192892?
False
Is 304582955 a multiple of 3058?
False
Is 20132469 a multiple of 5?
False
Is 117 a factor of 20127744?
True
Is 44 a factor of 830668449?
False
Is 2227131998 a multiple of 1549?
False
Is 3603536716 a multiple of 173?
True
Does 17 divide 14627577?
False
Does 632 divide 68879784?
True
Does 51 divide 27180329?
False
Is 43 a factor of 298323895?
True
Does 488 divide 5154245?
False
Is 26 a factor of 29243084?
True
Is 6423211 a multiple of 49?
False
Is 1078383280 a multiple of 16?
True
Is 181445996 a multiple of 926?
True
Is 2682832328 a multiple of 11?
True
Is 4372 a factor of 1144523228?
False
Is 440483464 a multiple of 62?
True
Does 1247 divide 211144?
False
Is 1081 a factor of 756367052?
True
Is 314 a factor of 42134477?
False
Does 1379 divide 66773389?
False
Is 860 a factor of 794212?
False
Is 55044966 a multiple of 39?
False
Is 15 a factor of 49541706?
False
Does 60 divide 2166609900?
True
Is 53519497 a multiple of 69?
False
Does 20 divide 44856560?
True
Is 45314093 a multiple of 320?
False
Does 3 divide 16948796?
False
Is 9 a factor of 28264811?
False
Is 958 a factor of 27317370?
True
Is 4695080 a multiple of 13?
True
Does 5 divide 3081835?
True
Is 235998352 a multiple of 66?
False
Is 432775575 a multiple of 15?
True
Does 30 divide 201693660?
True
Is 531 a factor of 75281063?
False
Does 934 divide 849402090?
False
Is 3502375485 a multiple of 69?
True
Is 16 a factor of 132530113?
False
Does 9 divide 2578887?
True
Is 276 a factor of 34889712?
True
Does 337 divide 92759091?
False
Is 21 a factor of 12010509?
True
Does 101 divide 888256216?
True
Does 5 divide 17373389?
False
Is 23 a factor of 6505527?
True
Is 1334326 a multiple of 7?
True
Does 1864 divide 1750136469?
False
Is 335465880 a multiple of 620?
True
Is 2295282750 a multiple of 3189?
True
Does 140 divide 43243200?
True
Does 8 divide 39229340?
False
Is 2935920 a multiple of 39?
True
Is 28 a factor of 87017768?
False
Is 11 a factor of 66051659?
False
Does 555 divide 27982545?
True
Does 1982 divide 133304970?
False
Is 41 a factor of